c. Is u composite?
True
Let d(l) = -l**2 + 13*l - 4. Let n(q) = q**3 - 4*q**2 + 4*q + 9. Let o be n(3). Let k be d(o). Is 6/9*86628/k a composite number?
False
Let v(n) = -47*n + 4. Let u be v(0). Is (4/u)/((-16)/(-206320)) composite?
True
Let h(i) = -2012*i + 13. Let z be h(-3). Let w = z - 1808. Is w a composite number?
False
Suppose 4*q + 14*m - 35 = 11*m, -q + 5*m - 20 = 0. Suppose -8*l + 2*i = -q*l - 1355, -4*i = 4*l - 1780. Is l composite?
False
Let p be -21*((-85)/(-15))/(-1). Let w = -517 - p. Let g = 1079 + w. Is g a prime number?
True
Let n = 26 - 24. Is 3/n + (-110)/20 + 501 a composite number?
True
Let l be -3 + (6 - (-5 - -1)). Let q(w) = 927*w + 34. Is q(l) composite?
True
Suppose 0 = 2*h - r - 102223, 5*h + 3*r = -0*r + 255530. Is h a prime number?
True
Let r(f) = f**3 - 2*f**2 + 2*f. Let i be r(2). Suppose -2*z + 2*u - 1096 = -3*u, i*z = 5*u - 2192. Is (-6)/(-27) + (-25)/(-9) - z composite?
True
Let v be -6 - -4 - (-148669 + 8). Suppose 3*m - a = -5*a + v, -2*a = 0. Is m prime?
False
Let t(g) = g**2 + 4*g + 3. Let k be t(-1). Let o be (k - -212)/(4/10). Suppose 10*c - o = 1260. Is c a composite number?
False
Suppose -3*q + 51 = 3*d - 1257, -877 = -2*d - q. Let y = 651 - d. Suppose -b + 172 + y = 0. Is b prime?
False
Is 46021/1*(27/5 - 64/(-40)) composite?
True
Suppose -328043 = -j + 2*w, -7*j + 984108 = -4*j + w. Is j composite?
False
Let i(s) = s + 21. Let n be i(-21). Let o be -5*(4 + n - 16). Let d = o + 14. Is d prime?
False
Is (-49274)/(-4) + 11*(-15)/(-330) prime?
False
Suppose -207*m + 202*m = -5. Is m/((-10)/(-32212)) + (-1)/5 a composite number?
False
Let d = -32310 - -17632. Let f = d - -29211. Is f composite?
False
Suppose -1474*g - 8526122 = -1485*g. Is g a prime number?
False
Let z(d) = 20*d**3 - 2*d**2 + 3*d - 3. Let k be z(2). Let b = -124 + k. Is b a composite number?
False
Suppose 0 = -19*h - 2584 - 4940. Let g = 1577 - h. Is g a composite number?
False
Suppose -181 - 511 = -36*x - 44. Let i = 1941 + -810. Suppose -5*z + x*z = i. Is z prime?
False
Suppose 31*l + 11624937 = 90*l - 9683444. Is l prime?
True
Suppose 3*q + 3*k = k + 47, q - 19 = -4*k. Suppose 4*p = -q - 1. Is -1 + 165 + -3 + p a prime number?
True
Let h(s) = s**3 + 21*s**2 + 36*s - 5. Let p be h(-19). Is 22/p + (-11)/3 - -2456 a composite number?
True
Suppose 8565 = -416*o + 411*o. Let k = 3866 + o. Is k prime?
True
Let t(o) = -o**3 - 16*o**2 + 19*o + 12. Let w be t(-17). Let b be w/6 - 4/12. Is (-1025258)/(-390) - b/30 prime?
False
Is (614968/(-96))/(12 - (-1450)/(-120)) composite?
False
Suppose 25*u + u + 52*u - 13833222 = 0. Is u a prime number?
False
Is (17 - 30 - -22)*(-126611)/(-9) composite?
False
Let j = -170 + 577. Let d(h) = h**2 - 16*h + 335. Let m be d(18). Suppose j + m = 2*s. Is s a composite number?
False
Let c = 53 - 48. Suppose o + 6234 = j, c*j - 48610 + 17420 = o. Is j prime?
False
Let b = -3 - -5. Suppose -2*u + 4 = 2*g - 4*u, -b*g - 5*u + 25 = 0. Suppose l - 2*m - 364 = -l, g*l = 2*m + 925. Is l prime?
False
Let r(v) = 8926*v**3 + v**2 - 61*v + 61. Is r(1) composite?
True
Let d = -288 + 640. Suppose 0 = -4*q - 6 - 390. Let m = d - q. Is m prime?
False
Suppose 0 = -t + 2*u - 1 + 21, -t + u = -18. Suppose 3*d + 3*r - 30231 = 0, -r - t = -14. Is d composite?
False
Let q(j) = 2495*j - 1156. Is q(41) a prime number?
False
Suppose -5*k = -2*y + 1687571, y - 4*k + 9*k = 843748. Is y prime?
False
Let n(b) = 41898*b**2 - 1664*b + 3329. Is n(2) composite?
False
Let o(u) = -u**3 + 88*u**2 - 125*u + 53. Is o(42) composite?
True
Suppose 32*a = -12*a + 14*a + 40110. Is a composite?
True
Let o be 1 + 1167/6 + 2/(-4). Suppose -4*w - m + 447 = 0, 2*w - m - o - 36 = 0. Is 57/95*(w + (0 - -2)) prime?
False
Is (48/(-24) - (-4002915)/(-10))*(-1 - 1) prime?
True
Is 1976/1482*2615871/4 prime?
True
Is (-7619294)/(-102) + 390/9945 composite?
False
Let n(p) be the first derivative of 158*p**3/3 + 16*p**2 + 67*p - 198. Is n(-2) a prime number?
False
Suppose 0 = 3*m + 8*m + 11. Let p be (-517)/(-1 + (-1)/m + -1). Let b = p - 306. Is b a prime number?
True
Let h(g) = -238*g**3 - 5*g**2 - 14*g - 18. Let z be h(-4). Suppose q - 6469 = 3*b, 5*q + b - 17155 = z. Is q a prime number?
True
Suppose l = 4*u + 111356 + 59639, l - 171001 = 2*u. Is l prime?
True
Suppose -5*f = 5*n - 0*n + 15, -11 = 2*f + 3*n. Suppose -f*p + 6*p = 5*p. Suppose -3*j - 4*c = -p*c - 1019, -5*j + 1681 = -2*c. Is j prime?
True
Let w(q) = -94893*q - 4823. Is w(-12) a composite number?
False
Let o = -197212 + 339073. Is o composite?
True
Let y = -251 - -244. Is (-5300)/(-11 - y) + -6 a composite number?
False
Suppose -m = -2*s - 1929, 5*s - 1668 + 6490 = 2*m. Let l = -305 - s. Is l a prime number?
True
Let h(a) = 68*a**2 + 6*a - 1. Suppose 199 = 10*g - 1. Suppose 5*f = -g - 10. Is h(f) prime?
True
Let z(k) = 14*k**3 + 11 - 6 + 18 - 8*k**3 - 3*k - 7*k**2. Is z(11) prime?
True
Suppose 0 = -4*g - 7958 + 24922. Suppose -12724 = 5*m + g. Let c = 4754 + m. Is c composite?
False
Let q(z) = 61992*z - 1678. Is q(6) prime?
False
Suppose -4*t + 759246 = 2*l, 49*t = 5*l + 47*t - 1898175. Is l a prime number?
True
Let q be (-6 + 6)*(3 + -2). Suppose y = 2*v - q*y + 2, 3*y = -v - 1. Is (208 + 3)*(0 - v) a composite number?
False
Let w(k) = -615*k + 58. Let v = -152 + 139. Is w(v) a prime number?
True
Suppose -15069 = 5*r + v - 776659, -v = 3*r - 456952. Is r prime?
False
Let f(l) be the third derivative of -22*l**2 + 2/3*l**3 + 0 + 283/24*l**4 + 0*l. Is f(1) prime?
False
Suppose -4*x = -k - 8941143, 4680239 - 209685 = 2*x - 4*k. Is x a composite number?
False
Suppose -a + 13 = 4*a - i, -a - 3*i = 7. Suppose a*p + 16 = -5*r, p - 22 = 4*r + r. Suppose -p*b + 487 - 7882 = -5*x, 4*x - 5934 = -2*b. Is x prime?
True
Suppose 12*x - 80157 - 107007 = 0. Suppose 13*q + 634 - x = 0. Is q a composite number?
False
Let y be (18/(-15))/((-477)/240 + 2). Let v = y + 719. Is v a composite number?
True
Suppose 3*d = 4*z - 13, -4*d + 4*z - 12 = -0. Let l be -267*d/(-3)*1. Is l/((-1)/5*-1) composite?
True
Is 6/13 - 216447922/(-1742) a composite number?
True
Suppose -7*q + 108 = -q. Is (-9755)/(-20) - (q/(-8) - -3) prime?
True
Let u(d) = 26*d**2 - 1. Let a be u(-1). Is (-5)/(a/(-7015)) + (-8)/2 a composite number?
False
Let n = -16184 - -39603. Suppose -9*r + n = 2*r. Is r prime?
True
Let a = 187894 + 132369. Is a a prime number?
False
Suppose 417*l - 71941177 = 340*l. Is l composite?
False
Is (422*136)/2 - 1397/127 a composite number?
True
Let c = -398897 - -737338. Is c composite?
True
Suppose 4905 = -5*c + 10*c. Let n = c + 2738. Is n composite?
False
Suppose 14*t - 693889 = -4*b + 13*t, -b - 5*t = -173458. Is b a composite number?
False
Suppose -21 - 9 = -3*d - 3*u, -4*d - 2*u = -38. Suppose -10*v = -d*v - 295. Is v a prime number?
False
Suppose -10 = -8*p + 30. Is (2 + (125 - 0))/(p - 4) a composite number?
False
Let v = -58345 - -235646. Is v prime?
True
Let r = -14520 - -31417. Let o = r - 11852. Suppose -3*n = 2*n - o. Is n a prime number?
True
Let y be 3 - (1 + 2 - -336) - 3. Let s = -373 + y. Let p = -463 - s. Is p composite?
True
Suppose -2*t + t = 9*q - 170367, 3*q - 4*t = 56763. Is q a composite number?
True
Let a be (-32 - -25)/(-2*1/(-90)). Let d = -218 - a. Is d a prime number?
True
Is (-123)/492*30905968/(-4) a composite number?
False
Let u = -76 + 46. Let b = -32 - u. Is b - (4 + (-213 - 4)) a prime number?
True
Let v be (2 + 15)*351 + (-8)/4. Let t = v + -4224. Is t composite?
False
Suppose 5*p - 4*y = -3570, -2*y - 334 = p + 366. Let f = -139 - -130. Is p/(-3)*f/(-6) composite?
True
Suppose 51206110 = -34*i + 96*i. Is i a prime number?
False
Let n be 7*((-647824)/(-56) + 4). Let z = n + -44173. Is z composite?
False
Let y(j) = 4*j**3 + j - 2. Let b be y(1). Suppose k = -b*k + 108. Suppose 29*z = k*z + 1822. Is z a prime number?
True
Suppose 5*p - 15 = -2*v, 0 = -3*v + 4*p + 9 + 2. Let t be v - -1 - (0 + -1)/(-1). Suppose -y + 282 = t*y. Is y a composite number?
False
Let t(j) = j**3 - 9*j**2 - 6*j + 11. Let a be 2/(-7) - 2338/49. Let n = -30 - a. Is t(n) composite?
False
Suppose -6*i - 3*i + 14958 = 0. Suppose i = h - 5515. Let j = h - 3390. Is j prime?
False
Let k be -339*(-4 - (-160)/50)/(2/10). Let g(m) = 20*m**2 + 9*m + 1. Let q be g(-6). Let s = k - q. Is s prime?
False
Suppose 99*a + 1546780 = 